{"id":15080,"date":"2017-07-05T17:56:50","date_gmt":"2017-07-05T17:56:50","guid":{"rendered":"http:\/\/kleinarchitekten.net\/?page_id=15080"},"modified":"2019-12-05T17:26:47","modified_gmt":"2019-12-05T17:26:47","slug":"impressum","status":"publish","type":"page","link":"https:\/\/kleinarchitekten.net\/?page_id=15080","title":{"rendered":"Impressum"},"content":{"rendered":"<p>[vc_row margin_top=&#8220;40&#8243; margin_bottom=&#8220;40&#8243;][vc_column][\/vc_column][\/vc_row][vc_row][vc_column][vc_column_text]<\/p>\n<p style=\"text-align: left;\">Angaben gem\u00e4\u00df \u00a7 5 Telemediengesetz (TMG) \/<br \/>\n\u00a7 55 Rundfunkstaatsvertrag (RSTV)<\/p>\n<p style=\"text-align: left;\"><strong>Herausgeber\/Anbieter gem\u00e4\u00df \u00a7 5 TMG:<\/strong><\/p>\n<p style=\"text-align: left;\">Axel Klein<\/p>\n<p style=\"text-align: left;\"><strong>Gesch\u00e4ftsinhaber:<\/strong><\/p>\n<p style=\"text-align: left;\">Dipl.- Ing. Axel Klein, Architekt<\/p>\n<p style=\"text-align: left;\"><strong>Anschrift\/Kontaktinformationen:<\/strong><\/p>\n<p style=\"text-align: left;\">KLEIN ARCHITEKTEN<\/p>\n<p style=\"text-align: left;\">St. Laurentius Strasse 1<br \/>\n51149 K\u00f6ln<\/p>\n<p style=\"text-align: left;\">T 02203-9077030<br \/>\nF 02203-9077039<\/p>\n<p style=\"text-align: left;\">info@kleinarchitekten.net<\/p>\n<p style=\"text-align: left;\"><strong>Inhaltliche Verantwortung nach \u00a7 55 RSTV:<\/strong><br \/>\nAxel Klein<\/p>\n<p style=\"text-align: left;\"><strong>Zust\u00e4ndige Kammer:<\/strong><\/p>\n<p style=\"text-align: left;\">Mitglied der Architektenkammer NW<br \/>\nInselstra\u00dfe 27<br \/>\n40479 D\u00fcsseldorf<\/p>\n<p style=\"text-align: left;\"><strong>Berufsbezeichnung:<\/strong><br \/>\nArchitekt\/in (verliehen in Deutschland\/NRW)<\/p>\n<p style=\"text-align: left;\"><strong>Berufsrechtliche Regelungen:<\/strong><br \/>\nBaukammergesetz (BauKaG NW) \u00a715 Berufspflichten<\/p>\n<p style=\"text-align: left;\">Honorarordnung f\u00fcr Architekten und Ingenieure (HOAI)<\/p>\n<p style=\"text-align: left;\"><strong>Haftungsausschluss<\/strong><\/p>\n<p style=\"text-align: left;\"><strong>Haftung f\u00fcr Inhalte<\/strong><\/p>\n<p style=\"text-align: left;\">Die Inhalte unserer Seiten wurden mit gr\u00f6\u00dfter Sorgfalt erstellt. F\u00fcr die Richtigkeit, Vollst\u00e4ndigkeit und Aktualit\u00e4t der Inhalte k\u00f6nnen wir jedoch keine Gew\u00e4hr \u00fcbernehmen. Als Diensteanbieter sind wir gem\u00e4\u00df \u00a7 7 Abs.1 TMG f\u00fcr eigene Inhalte auf diesen Seiten nach den allgemeinen Gesetzen verantwortlich. Nach \u00a7\u00a7 8 bis 10 TMG sind wir als Diensteanbieter jedoch nicht verpflichtet, \u00fcbermittelte oder gespeicherte fremde Informationen zu \u00fcberwachen oder nach Umst\u00e4nden zu forschen, die auf eine rechtswidrige T\u00e4tigkeit hinweisen. Verpflichtungen zur Entfernung oder Sperrung der Nutzung von Informationen nach den allgemeinen Gesetzen bleiben hiervon unber\u00fchrt. Eine diesbez\u00fcgliche Haftung ist jedoch erst ab dem Zeitpunkt der Kenntnis einer konkreten Rechtsverletzung m\u00f6glich. Bei Bekanntwerden von entsprechenden Rechtsverletzungen werden wir diese Inhalte umgehend entfernen.<\/p>\n<p style=\"text-align: left;\"><strong>Haftung f\u00fcr Links<\/strong><\/p>\n<p style=\"text-align: left;\">Unser Angebot enth\u00e4lt Links zu externen Webseiten Dritter, auf deren Inhalte wir keinen Einfluss haben. Deshalb k\u00f6nnen wir f\u00fcr diese fremden Inhalte auch keine Gew\u00e4hr \u00fcbernehmen. F\u00fcr die Inhalte der verlinkten Seiten ist stets der jeweilige Anbieter oder Betreiber der Seiten verantwortlich. Die verlinkten Seiten wurden zum Zeitpunkt der Verlinkung auf m\u00f6gliche Rechtsverst\u00f6\u00dfe \u00fcberpr\u00fcft. Rechtswidrige Inhalte waren zum Zeitpunkt der Verlinkung nicht erkennbar. Eine permanente inhaltliche Kontrolle der verlinkten Seiten ist jedoch ohne konkrete Anhaltspunkte einer Rechtsverletzung nicht zumutbar. Bei Bekanntwerden von Rechtsverletzungen werden wir derartige Links umgehend entfernen.<\/p>\n<p style=\"text-align: left;\"><strong>Urheberrecht<\/strong><\/p>\n<p style=\"text-align: left;\">Die durch die Seitenbetreiber erstellten Inhalte und Werke auf diesen Seiten unterliegen dem deutschen Urheberrecht. Die Vervielf\u00e4ltigung, Bearbeitung, Verbreitung und jede Art der Verwertung au\u00dferhalb der Grenzen des Urheberrechtes bed\u00fcrfen der schriftlichen Zustimmung des jeweiligen Autors bzw. Erstellers. Downloads und Kopien dieser Seite sind nur f\u00fcr den privaten, nicht kommerziellen Gebrauch gestattet. Soweit die Inhalte auf dieser Seite nicht vom Betreiber erstellt wurden, werden die Urheberrechte Dritter beachtet. Insbesondere werden Inhalte Dritter als solche gekennzeichnet. Sollten Sie trotzdem auf eine Urheberrechtsverletzung aufmerksam werden, bitten wir um einen entsprechenden Hinweis. Bei Bekanntwerden von Rechtsverletzungen werden wir derartige Inhalte umgehend entfernen.<\/p>\n<p style=\"text-align: left;\"><strong>Rechtswirksamkeit:<\/strong><br \/>\nDiese Informationen sind als Teil des Internetauftrittes zu betrachten, von dem aus auf diese Seite verwiesen wurde. Sofern Teile oder einzelne Formulierungen dieses Textes der geltenden Rechtslage nicht, nicht mehr oder nicht vollst\u00e4ndig entsprechen sollten, bleiben die \u00fcbrigen Teile des Dokuments in ihrem Inhalt und ihrer G\u00fcltigkeit hievon unber\u00fchrt.<\/p>\n<p>[\/vc_column_text][\/vc_column][\/vc_row]<\/p>\n","protected":false},"excerpt":{"rendered":"<p>[vc_row margin_top=&#8220;40&#8243; margin_bottom=&#8220;40&#8243;][vc_column][\/vc_column][\/vc_row][vc_row][vc_column][vc_column_text] Angaben gem\u00e4\u00df \u00a7 5 Telemediengesetz (TMG) \/ \u00a7 55 Rundfunkstaatsvertrag (RSTV) Herausgeber\/Anbieter gem\u00e4\u00df \u00a7 5 TMG: Axel Klein Gesch\u00e4ftsinhaber: Dipl.- Ing. Axel Klein, Architekt Anschrift\/Kontaktinformationen: KLEIN ARCHITEKTEN St. Laurentius Strasse 1 51149 K\u00f6ln T 02203-9077030 F 02203-9077039 info@kleinarchitekten.net Inhaltliche Verantwortung nach \u00a7 55 RSTV: Axel Klein Zust\u00e4ndige Kammer: Mitglied der Architektenkammer NW&hellip;<\/p>\n","protected":false},"author":1,"featured_media":0,"parent":0,"menu_order":0,"comment_status":"closed","ping_status":"closed","template":"","meta":{"inline_featured_image":false},"_links":{"self":[{"href":"https:\/\/kleinarchitekten.net\/index.php?rest_route=\/wp\/v2\/pages\/15080"}],"collection":[{"href":"https:\/\/kleinarchitekten.net\/index.php?rest_route=\/wp\/v2\/pages"}],"about":[{"href":"https:\/\/kleinarchitekten.net\/index.php?rest_route=\/wp\/v2\/types\/page"}],"author":[{"embeddable":true,"href":"https:\/\/kleinarchitekten.net\/index.php?rest_route=\/wp\/v2\/users\/1"}],"replies":[{"embeddable":true,"href":"https:\/\/kleinarchitekten.net\/index.php?rest_route=%2Fwp%2Fv2%2Fcomments&post=15080"}],"version-history":[{"count":8,"href":"https:\/\/kleinarchitekten.net\/index.php?rest_route=\/wp\/v2\/pages\/15080\/revisions"}],"predecessor-version":[{"id":15544,"href":"https:\/\/kleinarchitekten.net\/index.php?rest_route=\/wp\/v2\/pages\/15080\/revisions\/15544"}],"wp:attachment":[{"href":"https:\/\/kleinarchitekten.net\/index.php?rest_route=%2Fwp%2Fv2%2Fmedia&parent=15080"}],"curies":[{"name":"wp","href":"https:\/\/api.w.org\/{rel}","templated":true}]}}