{"id":15271,"date":"2018-02-12T13:03:46","date_gmt":"2018-02-12T13:03:46","guid":{"rendered":"http:\/\/kleinarchitekten.net\/?page_id=15271"},"modified":"2021-01-13T17:47:49","modified_gmt":"2021-01-13T17:47:49","slug":"schallschutz","status":"publish","type":"page","link":"http:\/\/kleinarchitekten.net\/?page_id=15271","title":{"rendered":"Schallschutz"},"content":{"rendered":"<p>[vc_row margin_top=&#8220;40&#8243; margin_bottom=&#8220;40&#8243; css=&#8220;.vc_custom_1519152051809{margin-bottom: 40px !important;}&#8220;][vc_column]<div id=\"ult-carousel-57928931369f2da589a5d3\" class=\"ult-carousel-wrapper   ult_horizontal\" data-gutter=\"5\" data-rtl=\"false\" ><div class=\"ult-carousel-109571278969f2da589a18a \" >[vc_single_image image=&#8220;15488&#8243; img_size=&#8220;full&#8220; alignment=&#8220;center&#8220;][vc_single_image image=&#8220;15486&#8243; img_size=&#8220;full&#8220; alignment=&#8220;center&#8220;][vc_single_image image=&#8220;15489&#8243; img_size=&#8220;full&#8220; alignment=&#8220;center&#8220;][vc_single_image image=&#8220;15490&#8243; img_size=&#8220;full&#8220; alignment=&#8220;center&#8220;][vc_single_image image=&#8220;15487&#8243; img_size=&#8220;full&#8220; alignment=&#8220;center&#8220;][vc_single_image image=&#8220;15485&#8243; img_size=&#8220;full&#8220; alignment=&#8220;center&#8220;]<\/div><\/div>            <script type=\"text\/javascript\">\r\n\t\t\t\tjQuery(document).ready(function($){\r\n               \t\t$('.ult-carousel-109571278969f2da589a18a').slick({dots: true,autoplay: true,autoplaySpeed: 4000,speed: 2000,infinite: true,arrows: false,slidesToScroll:1,slidesToShow:1,swipe: true,draggable: true,touchMove: true,adaptiveHeight: true,responsive: [\r\n\t\t\t\t\t\t\t{\r\n\t\t\t\t\t\t\t  breakpoint: 1025,\r\n\t\t\t\t\t\t\t  settings: {\r\n\t\t\t\t\t\t\t\tslidesToShow: 1,\r\n\t\t\t\t\t\t\t\tslidesToScroll: 1,  \r\n\t\t\t\t\t\t\t  }\r\n\t\t\t\t\t\t\t},\r\n\t\t\t\t\t\t\t{\r\n\t\t\t\t\t\t\t  breakpoint: 769,\r\n\t\t\t\t\t\t\t  settings: {\r\n\t\t\t\t\t\t\t\tslidesToShow: 1,\r\n\t\t\t\t\t\t\t\tslidesToScroll: 1\r\n\t\t\t\t\t\t\t  }\r\n\t\t\t\t\t\t\t},\r\n\t\t\t\t\t\t\t{\r\n\t\t\t\t\t\t\t  breakpoint: 481,\r\n\t\t\t\t\t\t\t  settings: {\r\n\t\t\t\t\t\t\t\tslidesToShow: 1,\r\n\t\t\t\t\t\t\t\tslidesToScroll: 1\r\n\t\t\t\t\t\t\t  }\r\n\t\t\t\t\t\t\t}\r\n\t\t\t\t\t\t],pauseOnHover: true,\r\n\t\t\t\t\t\tpauseOnDotsHover: true,customPaging: function(slider, i) {\r\n                   return '<i type=\"button\" style=\"color:#333333;\" class=\"ultsl-stop\" data-role=\"none\"><\/i>';\r\n                },});\r\n\t\t\t\t});\r\n\t\t\t<\/script>\r\n            [\/vc_column][\/vc_row][vc_row][vc_column width=&#8220;1\/6&#8243;][\/vc_column][vc_column width=&#8220;2\/3&#8243;][vc_single_image image=&#8220;15557&#8243; img_size=&#8220;full&#8220; alignment=&#8220;center&#8220;][\/vc_column][vc_column width=&#8220;1\/6&#8243;][\/vc_column][\/vc_row][vc_row][vc_column width=&#8220;1\/6&#8243;][\/vc_column][vc_column width=&#8220;2\/3&#8243;][vc_column_text css=&#8220;.vc_custom_1518444264162{padding-right: 5px !important;padding-left: 5px !important;}&#8220;]Schallschutz wird immer bedeutender im Hochbau bzw. Wohnungsbau. Als staatlich anerkannte Sachverst\u00e4ndiger f\u00fcr Schallschutz \u00fcbernehmen wir eine wichtige Aufgabe f\u00fcr das Land Nordrhein-Westfalen. Wir arbeiten privatrechtlich im Namen des Bauherren und erstellen \u00f6ffentlich- rechtliche Nachweise f\u00fcr Bauantr\u00e4ge von Wohn- und Nicht-Wohngeb\u00e4uden, unter Ber\u00fccksichtigung der bauordnungs- und zivilrechtlichen Anforderungen.<\/p>\n<p>Wir entwickeln Konzepte zum Schutz vor Belastungen durch Umgebungsl\u00e4rm, Tritt- und Luftschall aus fremden Geb\u00e4udebereichen (z. B. Nachbarwohnung), Stra\u00dfen-, Schienen- oder Flugverkehr. Wir erarbeiten Vorschl\u00e4ge zur Verbesserung der Raumakustik und beraten Sie in der Anwendung der passenden Baustoffe und Baukonstruktionen.<\/p>\n<p>Interesse? Wir freuen uns auf Ihre <a href=\"http:\/\/kleinarchitekten.net\/?page_id=15088\">Kontaktaufnahme<\/a>.[\/vc_column_text][\/vc_column][vc_column width=&#8220;1\/6&#8243;][\/vc_column][\/vc_row]<\/p>\n","protected":false},"excerpt":{"rendered":"<p>[vc_row margin_top=&#8220;40&#8243; margin_bottom=&#8220;40&#8243; css=&#8220;.vc_custom_1519152051809{margin-bottom: 40px !important;}&#8220;][vc_column][\/vc_column][\/vc_row][vc_row][vc_column width=&#8220;1\/6&#8243;][\/vc_column][vc_column width=&#8220;2\/3&#8243;][vc_single_image image=&#8220;15557&#8243; img_size=&#8220;full&#8220; alignment=&#8220;center&#8220;][\/vc_column][vc_column width=&#8220;1\/6&#8243;][\/vc_column][\/vc_row][vc_row][vc_column width=&#8220;1\/6&#8243;][\/vc_column][vc_column width=&#8220;2\/3&#8243;][vc_column_text css=&#8220;.vc_custom_1518444264162{padding-right: 5px !important;padding-left: 5px !important;}&#8220;]Schallschutz wird immer bedeutender im Hochbau bzw. Wohnungsbau. Als staatlich anerkannte Sachverst\u00e4ndiger f\u00fcr Schallschutz \u00fcbernehmen wir eine wichtige Aufgabe f\u00fcr das Land Nordrhein-Westfalen. Wir arbeiten privatrechtlich im Namen des Bauherren und erstellen \u00f6ffentlich- rechtliche Nachweise f\u00fcr Bauantr\u00e4ge&hellip;<\/p>\n","protected":false},"author":1,"featured_media":0,"parent":0,"menu_order":0,"comment_status":"closed","ping_status":"closed","template":"","meta":{"inline_featured_image":false},"_links":{"self":[{"href":"http:\/\/kleinarchitekten.net\/index.php?rest_route=\/wp\/v2\/pages\/15271"}],"collection":[{"href":"http:\/\/kleinarchitekten.net\/index.php?rest_route=\/wp\/v2\/pages"}],"about":[{"href":"http:\/\/kleinarchitekten.net\/index.php?rest_route=\/wp\/v2\/types\/page"}],"author":[{"embeddable":true,"href":"http:\/\/kleinarchitekten.net\/index.php?rest_route=\/wp\/v2\/users\/1"}],"replies":[{"embeddable":true,"href":"http:\/\/kleinarchitekten.net\/index.php?rest_route=%2Fwp%2Fv2%2Fcomments&post=15271"}],"version-history":[{"count":11,"href":"http:\/\/kleinarchitekten.net\/index.php?rest_route=\/wp\/v2\/pages\/15271\/revisions"}],"predecessor-version":[{"id":15567,"href":"http:\/\/kleinarchitekten.net\/index.php?rest_route=\/wp\/v2\/pages\/15271\/revisions\/15567"}],"wp:attachment":[{"href":"http:\/\/kleinarchitekten.net\/index.php?rest_route=%2Fwp%2Fv2%2Fmedia&parent=15271"}],"curies":[{"name":"wp","href":"https:\/\/api.w.org\/{rel}","templated":true}]}}

<p>[vc_row margin_top=&#8220;40&#8243; margin_bottom=&#8220;40&#8243; css=&#8220;.vc_custom_1519152051809{margin-bottom: 40px !important;}&#8220;][vc_column]<div id="ult-carousel-57928931369f2da589a5d3" class="ult-carousel-wrapper   ult_horizontal" data-gutter="5" data-rtl="false" ><div class="ult-carousel-109571278969f2da589a18a " >[vc_single_image image=&#8220;15488&#8243; img_size=&#8220;full&#8220; alignment=&#8220;center&#8220;][vc_single_image image=&#8220;15486&#8243; img_size=&#8220;full&#8220; alignment=&#8220;center&#8220;][vc_single_image image=&#8220;15489&#8243; img_size=&#8220;full&#8220; alignment=&#8220;center&#8220;][vc_single_image image=&#8220;15490&#8243; img_size=&#8220;full&#8220; alignment=&#8220;center&#8220;][vc_single_image image=&#8220;15487&#8243; img_size=&#8220;full&#8220; alignment=&#8220;center&#8220;][vc_single_image image=&#8220;15485&#8243; img_size=&#8220;full&#8220; alignment=&#8220;center&#8220;]</div></div>            <script type="text/javascript">
				jQuery(document).ready(function($){
               		$('.ult-carousel-109571278969f2da589a18a').slick({dots: true,autoplay: true,autoplaySpeed: 4000,speed: 2000,infinite: true,arrows: false,slidesToScroll:1,slidesToShow:1,swipe: true,draggable: true,touchMove: true,adaptiveHeight: true,responsive: [
							{
							  breakpoint: 1025,
							  settings: {
								slidesToShow: 1,
								slidesToScroll: 1,  
							  }
							},
							{
							  breakpoint: 769,
							  settings: {
								slidesToShow: 1,
								slidesToScroll: 1
							  }
							},
							{
							  breakpoint: 481,
							  settings: {
								slidesToShow: 1,
								slidesToScroll: 1
							  }
							}
						],pauseOnHover: true,
						pauseOnDotsHover: true,customPaging: function(slider, i) {
                   return '<i type="button" style="color:#333333;" class="ultsl-stop" data-role="none"></i>';
                },});
				});
			</script>
            [/vc_column][/vc_row][vc_row][vc_column width=&#8220;1/6&#8243;][/vc_column][vc_column width=&#8220;2/3&#8243;][vc_single_image image=&#8220;15557&#8243; img_size=&#8220;full&#8220; alignment=&#8220;center&#8220;][/vc_column][vc_column width=&#8220;1/6&#8243;][/vc_column][/vc_row][vc_row][vc_column width=&#8220;1/6&#8243;][/vc_column][vc_column width=&#8220;2/3&#8243;][vc_column_text css=&#8220;.vc_custom_1518444264162{padding-right: 5px !important;padding-left: 5px !important;}&#8220;]Schallschutz wird immer bedeutender im Hochbau bzw. Wohnungsbau. Als staatlich anerkannte Sachverständiger für Schallschutz übernehmen wir eine wichtige Aufgabe für das Land Nordrhein-Westfalen. Wir arbeiten privatrechtlich im Namen des Bauherren und erstellen öffentlich- rechtliche Nachweise für Bauanträge von Wohn- und Nicht-Wohngebäuden, unter Berücksichtigung der bauordnungs- und zivilrechtlichen Anforderungen.</p>
<p>Wir entwickeln Konzepte zum Schutz vor Belastungen durch Umgebungslärm, Tritt- und Luftschall aus fremden Gebäudebereichen (z. B. Nachbarwohnung), Straßen-, Schienen- oder Flugverkehr. Wir erarbeiten Vorschläge zur Verbesserung der Raumakustik und beraten Sie in der Anwendung der passenden Baustoffe und Baukonstruktionen.</p>
<p>Interesse? Wir freuen uns auf Ihre <a href="http://kleinarchitekten.net/?page_id=15088">Kontaktaufnahme</a>.[/vc_column_text][/vc_column][vc_column width=&#8220;1/6&#8243;][/vc_column][/vc_row]</p>

<p>[vc_row margin_top=&#8220;40&#8243; margin_bottom=&#8220;40&#8243; css=&#8220;.vc_custom_1519152051809{margin-bottom: 40px !important;}&#8220;][vc_column][/vc_column][/vc_row][vc_row][vc_column width=&#8220;1/6&#8243;][/vc_column][vc_column width=&#8220;2/3&#8243;][vc_single_image image=&#8220;15557&#8243; img_size=&#8220;full&#8220; alignment=&#8220;center&#8220;][/vc_column][vc_column width=&#8220;1/6&#8243;][/vc_column][/vc_row][vc_row][vc_column width=&#8220;1/6&#8243;][/vc_column][vc_column width=&#8220;2/3&#8243;][vc_column_text css=&#8220;.vc_custom_1518444264162{padding-right: 5px !important;padding-left: 5px !important;}&#8220;]Schallschutz wird immer bedeutender im Hochbau bzw. Wohnungsbau. Als staatlich anerkannte Sachverständiger für Schallschutz übernehmen wir eine wichtige Aufgabe für das Land Nordrhein-Westfalen. Wir arbeiten privatrechtlich im Namen des Bauherren und erstellen öffentlich- rechtliche Nachweise für Bauanträge&hellip;</p>
