{"id":15088,"date":"2017-07-05T18:03:16","date_gmt":"2017-07-05T18:03:16","guid":{"rendered":"http:\/\/kleinarchitekten.net\/?page_id=15088"},"modified":"2018-02-23T19:55:16","modified_gmt":"2018-02-23T19:55:16","slug":"kontakt","status":"publish","type":"page","link":"http:\/\/kleinarchitekten.net\/?page_id=15088","title":{"rendered":"Kontakt"},"content":{"rendered":"<p>[vc_row margin_top=&#8220;40&#8243; css=&#8220;.vc_custom_1519415615626{margin-bottom: 40px !important;}&#8220;][vc_column]<div id=\"ult-carousel-173542203469f5e5981c7aa\" class=\"ult-carousel-wrapper   ult_horizontal\" data-gutter=\"15\" data-rtl=\"false\" ><div class=\"ult-carousel-8097488669f5e5981c2f1 \" >[vc_single_image image=&#8220;15491&#8243; img_size=&#8220;full&#8220; alignment=&#8220;center&#8220;]<\/div><\/div>            <script type=\"text\/javascript\">\r\n\t\t\t\tjQuery(document).ready(function($){\r\n               \t\t$('.ult-carousel-8097488669f5e5981c2f1').slick({dots: true,autoplay: true,autoplaySpeed: 5000,speed: 300,infinite: true,arrows: false,slidesToScroll:1,slidesToShow:1,swipe: true,draggable: true,touchMove: true,responsive: [\r\n\t\t\t\t\t\t\t{\r\n\t\t\t\t\t\t\t  breakpoint: 1025,\r\n\t\t\t\t\t\t\t  settings: {\r\n\t\t\t\t\t\t\t\tslidesToShow: 1,\r\n\t\t\t\t\t\t\t\tslidesToScroll: 1,  \r\n\t\t\t\t\t\t\t  }\r\n\t\t\t\t\t\t\t},\r\n\t\t\t\t\t\t\t{\r\n\t\t\t\t\t\t\t  breakpoint: 769,\r\n\t\t\t\t\t\t\t  settings: {\r\n\t\t\t\t\t\t\t\tslidesToShow: 1,\r\n\t\t\t\t\t\t\t\tslidesToScroll: 1\r\n\t\t\t\t\t\t\t  }\r\n\t\t\t\t\t\t\t},\r\n\t\t\t\t\t\t\t{\r\n\t\t\t\t\t\t\t  breakpoint: 481,\r\n\t\t\t\t\t\t\t  settings: {\r\n\t\t\t\t\t\t\t\tslidesToShow: 1,\r\n\t\t\t\t\t\t\t\tslidesToScroll: 1\r\n\t\t\t\t\t\t\t  }\r\n\t\t\t\t\t\t\t}\r\n\t\t\t\t\t\t],pauseOnHover: true,\r\n\t\t\t\t\t\tpauseOnDotsHover: true,customPaging: function(slider, i) {\r\n                   return '<i type=\"button\" style=\"color:#333333;\" class=\"ultsl-record\" data-role=\"none\"><\/i>';\r\n                },});\r\n\t\t\t\t});\r\n\t\t\t<\/script>\r\n            [\/vc_column][\/vc_row][vc_row margin_top=&#8220;20&#8243; margin_bottom=&#8220;0&#8243; css=&#8220;.vc_custom_1519415590917{margin-bottom: 40px !important;}&#8220;][vc_column width=&#8220;1\/3&#8243;][\/vc_column][vc_column width=&#8220;1\/3&#8243;][vc_column_text]<\/p>\n<h2 style=\"text-align: center;\">Anschrift<\/h2>\n<p>[\/vc_column_text][\/vc_column][vc_column width=&#8220;1\/3&#8243;][\/vc_column][\/vc_row][vc_row margin_top=&#8220;20&#8243; margin_bottom=&#8220;0&#8243; css=&#8220;.vc_custom_1499438901564{margin-bottom: 100px !important;}&#8220;][vc_column width=&#8220;1\/2&#8243; css=&#8220;.vc_custom_1499437286890{margin-top: 0px !important;margin-bottom: 0px !important;}&#8220;][vc_gmaps link=&#8220;#E-8_JTNDaWZyYW1lJTIwc3JjJTNEJTIyaHR0cHMlM0ElMkYlMkZ3d3cuZ29vZ2xlLmNvbSUyRm1hcHMlMkZlbWJlZCUzRnBiJTNEJTIxMW0xOCUyMTFtMTIlMjExbTMlMjExZDI1MTYuNDUwMzMxODUwMDU3NCUyMTJkNy4wMzE3NjAzMTU4MTkwODglMjEzZDUwLjg5Njg4Mjk3OTUzOTU3JTIxMm0zJTIxMWYwJTIxMmYwJTIxM2YwJTIxM20yJTIxMWkxMDI0JTIxMmk3NjglMjE0ZjEzLjElMjEzbTMlMjExbTIlMjExczB4MCUyNTNBMHgwJTIxMnpOVERDc0RVekp6UTRMamdpVGlBM3dyQXdNaWN3TWk0eUlrVSUyMTVlMCUyMTNtMiUyMTFzZGUlMjEyc2RlJTIxNHYxNDk5MjgxNzA0MTYyJTIyJTIwd2lkdGglM0QlMjI2MDAlMjIlMjBoZWlnaHQlM0QlMjI0NTAlMjIlMjBmcmFtZWJvcmRlciUzRCUyMjAlMjIlMjBzdHlsZSUzRCUyMmJvcmRlciUzQTAlMjIlMjBhbGxvd2Z1bGxzY3JlZW4lM0UlM0MlMkZpZnJhbWUlM0U=&#8220; size=&#8220;250&#8243; css_animation=&#8220;bounceIn&#8220;][\/vc_column][vc_column width=&#8220;1\/2&#8243; css=&#8220;.vc_custom_1519152873594{margin-left: 30px !important;padding-right: 30px !important;}&#8220;][vc_column_text css_animation=&#8220;fadeInRight&#8220;]<\/p>\n<p style=\"text-align: left;\">Unser B\u00fcro liegt zu F\u00fc\u00dfen der Kirche St. Laurentius in K\u00f6ln-Ensen in einem freistehenden eingeschossigen Geb\u00e4ude, in dem vor unserer Zeit die ehemalige B\u00fccherei der Gemeinde untergebracht war. Nach umfangreichen Umbauma\u00dfnahmen haben wir uns ein sehr stillvolles, ruhiges und kreatives Arbeitsumfeld geschaffen. Unsere Anschrift:<\/p>\n<p style=\"text-align: left;\">KLEIN ARCHITEKTEN<br \/>\nSt. Laurentius Stra\u00dfe 1<br \/>\n51149 K\u00f6ln<\/p>\n<p>[\/vc_column_text][\/vc_column][\/vc_row][vc_row css=&#8220;.vc_custom_1519414623112{margin-bottom: 40px !important;}&#8220;][vc_column width=&#8220;1\/3&#8243;][\/vc_column][vc_column width=&#8220;1\/3&#8243;][vc_column_text]<\/p>\n<h2 style=\"text-align: center;\">Kontakt<\/h2>\n<p>[\/vc_column_text][\/vc_column][vc_column width=&#8220;1\/3&#8243;][\/vc_column][\/vc_row][vc_row css=&#8220;.vc_custom_1519415677409{margin-bottom: 40px !important;}&#8220;][vc_column width=&#8220;1\/3&#8243;][\/vc_column][vc_column width=&#8220;1\/3&#8243;][vc_row_inner][vc_column_inner][vc_column_text]<\/p>\n<p style=\"text-align: center;\"><span style=\"color: #000000;\">T<\/span>\u00a002203-907 70 30<\/p>\n<p style=\"text-align: center;\"><span style=\"color: #000000;\">F<\/span>\u00a002203-907 70 39<\/p>\n<p style=\"text-align: center;\"><span style=\"color: #000000;\">E<\/span> info@kleinarchitekten.net<\/p>\n<p>[\/vc_column_text][\/vc_column_inner][\/vc_row_inner][\/vc_column][vc_column width=&#8220;1\/3&#8243;][\/vc_column][\/vc_row][vc_row][vc_column][vc_empty_space][\/vc_column][\/vc_row]<\/p>\n","protected":false},"excerpt":{"rendered":"<p>[vc_row margin_top=&#8220;40&#8243; css=&#8220;.vc_custom_1519415615626{margin-bottom: 40px !important;}&#8220;][vc_column][\/vc_column][\/vc_row][vc_row margin_top=&#8220;20&#8243; margin_bottom=&#8220;0&#8243; css=&#8220;.vc_custom_1519415590917{margin-bottom: 40px !important;}&#8220;][vc_column width=&#8220;1\/3&#8243;][\/vc_column][vc_column width=&#8220;1\/3&#8243;][vc_column_text] Anschrift [\/vc_column_text][\/vc_column][vc_column width=&#8220;1\/3&#8243;][\/vc_column][\/vc_row][vc_row margin_top=&#8220;20&#8243; margin_bottom=&#8220;0&#8243; css=&#8220;.vc_custom_1499438901564{margin-bottom: 100px !important;}&#8220;][vc_column width=&#8220;1\/2&#8243; css=&#8220;.vc_custom_1499437286890{margin-top: 0px !important;margin-bottom: 0px !important;}&#8220;][vc_gmaps link=&#8220;#E-8_JTNDaWZyYW1lJTIwc3JjJTNEJTIyaHR0cHMlM0ElMkYlMkZ3d3cuZ29vZ2xlLmNvbSUyRm1hcHMlMkZlbWJlZCUzRnBiJTNEJTIxMW0xOCUyMTFtMTIlMjExbTMlMjExZDI1MTYuNDUwMzMxODUwMDU3NCUyMTJkNy4wMzE3NjAzMTU4MTkwODglMjEzZDUwLjg5Njg4Mjk3OTUzOTU3JTIxMm0zJTIxMWYwJTIxMmYwJTIxM2YwJTIxM20yJTIxMWkxMDI0JTIxMmk3NjglMjE0ZjEzLjElMjEzbTMlMjExbTIlMjExczB4MCUyNTNBMHgwJTIxMnpOVERDc0RVekp6UTRMamdpVGlBM3dyQXdNaWN3TWk0eUlrVSUyMTVlMCUyMTNtMiUyMTFzZGUlMjEyc2RlJTIxNHYxNDk5MjgxNzA0MTYyJTIyJTIwd2lkdGglM0QlMjI2MDAlMjIlMjBoZWlnaHQlM0QlMjI0NTAlMjIlMjBmcmFtZWJvcmRlciUzRCUyMjAlMjIlMjBzdHlsZSUzRCUyMmJvcmRlciUzQTAlMjIlMjBhbGxvd2Z1bGxzY3JlZW4lM0UlM0MlMkZpZnJhbWUlM0U=&#8220; size=&#8220;250&#8243; css_animation=&#8220;bounceIn&#8220;][\/vc_column][vc_column width=&#8220;1\/2&#8243; css=&#8220;.vc_custom_1519152873594{margin-left: 30px !important;padding-right: 30px !important;}&#8220;][vc_column_text css_animation=&#8220;fadeInRight&#8220;] Unser B\u00fcro liegt zu F\u00fc\u00dfen der Kirche St. Laurentius in K\u00f6ln-Ensen in einem freistehenden eingeschossigen Geb\u00e4ude, in dem vor&hellip;<\/p>\n","protected":false},"author":1,"featured_media":0,"parent":0,"menu_order":0,"comment_status":"closed","ping_status":"closed","template":"","meta":{"inline_featured_image":false},"_links":{"self":[{"href":"http:\/\/kleinarchitekten.net\/index.php?rest_route=\/wp\/v2\/pages\/15088"}],"collection":[{"href":"http:\/\/kleinarchitekten.net\/index.php?rest_route=\/wp\/v2\/pages"}],"about":[{"href":"http:\/\/kleinarchitekten.net\/index.php?rest_route=\/wp\/v2\/types\/page"}],"author":[{"embeddable":true,"href":"http:\/\/kleinarchitekten.net\/index.php?rest_route=\/wp\/v2\/users\/1"}],"replies":[{"embeddable":true,"href":"http:\/\/kleinarchitekten.net\/index.php?rest_route=%2Fwp%2Fv2%2Fcomments&post=15088"}],"version-history":[{"count":29,"href":"http:\/\/kleinarchitekten.net\/index.php?rest_route=\/wp\/v2\/pages\/15088\/revisions"}],"predecessor-version":[{"id":15514,"href":"http:\/\/kleinarchitekten.net\/index.php?rest_route=\/wp\/v2\/pages\/15088\/revisions\/15514"}],"wp:attachment":[{"href":"http:\/\/kleinarchitekten.net\/index.php?rest_route=%2Fwp%2Fv2%2Fmedia&parent=15088"}],"curies":[{"name":"wp","href":"https:\/\/api.w.org\/{rel}","templated":true}]}}

<p>[vc_row margin_top=&#8220;40&#8243; css=&#8220;.vc_custom_1519415615626{margin-bottom: 40px !important;}&#8220;][vc_column]<div id="ult-carousel-173542203469f5e5981c7aa" class="ult-carousel-wrapper   ult_horizontal" data-gutter="15" data-rtl="false" ><div class="ult-carousel-8097488669f5e5981c2f1 " >[vc_single_image image=&#8220;15491&#8243; img_size=&#8220;full&#8220; alignment=&#8220;center&#8220;]</div></div>            <script type="text/javascript">
				jQuery(document).ready(function($){
               		$('.ult-carousel-8097488669f5e5981c2f1').slick({dots: true,autoplay: true,autoplaySpeed: 5000,speed: 300,infinite: true,arrows: false,slidesToScroll:1,slidesToShow:1,swipe: true,draggable: true,touchMove: true,responsive: [
							{
							  breakpoint: 1025,
							  settings: {
								slidesToShow: 1,
								slidesToScroll: 1,  
							  }
							},
							{
							  breakpoint: 769,
							  settings: {
								slidesToShow: 1,
								slidesToScroll: 1
							  }
							},
							{
							  breakpoint: 481,
							  settings: {
								slidesToShow: 1,
								slidesToScroll: 1
							  }
							}
						],pauseOnHover: true,
						pauseOnDotsHover: true,customPaging: function(slider, i) {
                   return '<i type="button" style="color:#333333;" class="ultsl-record" data-role="none"></i>';
                },});
				});
			</script>
            [/vc_column][/vc_row][vc_row margin_top=&#8220;20&#8243; margin_bottom=&#8220;0&#8243; css=&#8220;.vc_custom_1519415590917{margin-bottom: 40px !important;}&#8220;][vc_column width=&#8220;1/3&#8243;][/vc_column][vc_column width=&#8220;1/3&#8243;][vc_column_text]</p>
<h2 style="text-align: center;">Anschrift</h2>
<p>[/vc_column_text][/vc_column][vc_column width=&#8220;1/3&#8243;][/vc_column][/vc_row][vc_row margin_top=&#8220;20&#8243; margin_bottom=&#8220;0&#8243; css=&#8220;.vc_custom_1499438901564{margin-bottom: 100px !important;}&#8220;][vc_column width=&#8220;1/2&#8243; css=&#8220;.vc_custom_1499437286890{margin-top: 0px !important;margin-bottom: 0px !important;}&#8220;][vc_gmaps link=&#8220;#E-8_JTNDaWZyYW1lJTIwc3JjJTNEJTIyaHR0cHMlM0ElMkYlMkZ3d3cuZ29vZ2xlLmNvbSUyRm1hcHMlMkZlbWJlZCUzRnBiJTNEJTIxMW0xOCUyMTFtMTIlMjExbTMlMjExZDI1MTYuNDUwMzMxODUwMDU3NCUyMTJkNy4wMzE3NjAzMTU4MTkwODglMjEzZDUwLjg5Njg4Mjk3OTUzOTU3JTIxMm0zJTIxMWYwJTIxMmYwJTIxM2YwJTIxM20yJTIxMWkxMDI0JTIxMmk3NjglMjE0ZjEzLjElMjEzbTMlMjExbTIlMjExczB4MCUyNTNBMHgwJTIxMnpOVERDc0RVekp6UTRMamdpVGlBM3dyQXdNaWN3TWk0eUlrVSUyMTVlMCUyMTNtMiUyMTFzZGUlMjEyc2RlJTIxNHYxNDk5MjgxNzA0MTYyJTIyJTIwd2lkdGglM0QlMjI2MDAlMjIlMjBoZWlnaHQlM0QlMjI0NTAlMjIlMjBmcmFtZWJvcmRlciUzRCUyMjAlMjIlMjBzdHlsZSUzRCUyMmJvcmRlciUzQTAlMjIlMjBhbGxvd2Z1bGxzY3JlZW4lM0UlM0MlMkZpZnJhbWUlM0U=&#8220; size=&#8220;250&#8243; css_animation=&#8220;bounceIn&#8220;][/vc_column][vc_column width=&#8220;1/2&#8243; css=&#8220;.vc_custom_1519152873594{margin-left: 30px !important;padding-right: 30px !important;}&#8220;][vc_column_text css_animation=&#8220;fadeInRight&#8220;]</p>
<p style="text-align: left;">Unser Büro liegt zu Füßen der Kirche St. Laurentius in Köln-Ensen in einem freistehenden eingeschossigen Gebäude, in dem vor unserer Zeit die ehemalige Bücherei der Gemeinde untergebracht war. Nach umfangreichen Umbaumaßnahmen haben wir uns ein sehr stillvolles, ruhiges und kreatives Arbeitsumfeld geschaffen. Unsere Anschrift:</p>
<p style="text-align: left;">KLEIN ARCHITEKTEN<br />
St. Laurentius Straße 1<br />
51149 Köln</p>
<p>[/vc_column_text][/vc_column][/vc_row][vc_row css=&#8220;.vc_custom_1519414623112{margin-bottom: 40px !important;}&#8220;][vc_column width=&#8220;1/3&#8243;][/vc_column][vc_column width=&#8220;1/3&#8243;][vc_column_text]</p>
<h2 style="text-align: center;">Kontakt</h2>
<p>[/vc_column_text][/vc_column][vc_column width=&#8220;1/3&#8243;][/vc_column][/vc_row][vc_row css=&#8220;.vc_custom_1519415677409{margin-bottom: 40px !important;}&#8220;][vc_column width=&#8220;1/3&#8243;][/vc_column][vc_column width=&#8220;1/3&#8243;][vc_row_inner][vc_column_inner][vc_column_text]</p>
<p style="text-align: center;"><span style="color: #000000;">T</span> 02203-907 70 30</p>
<p style="text-align: center;"><span style="color: #000000;">F</span> 02203-907 70 39</p>
<p style="text-align: center;"><span style="color: #000000;">E</span> info@kleinarchitekten.net</p>
<p>[/vc_column_text][/vc_column_inner][/vc_row_inner][/vc_column][vc_column width=&#8220;1/3&#8243;][/vc_column][/vc_row][vc_row][vc_column][vc_empty_space][/vc_column][/vc_row]</p>

<p>[vc_row margin_top=&#8220;40&#8243; css=&#8220;.vc_custom_1519415615626{margin-bottom: 40px !important;}&#8220;][vc_column][/vc_column][/vc_row][vc_row margin_top=&#8220;20&#8243; margin_bottom=&#8220;0&#8243; css=&#8220;.vc_custom_1519415590917{margin-bottom: 40px !important;}&#8220;][vc_column width=&#8220;1/3&#8243;][/vc_column][vc_column width=&#8220;1/3&#8243;][vc_column_text] Anschrift [/vc_column_text][/vc_column][vc_column width=&#8220;1/3&#8243;][/vc_column][/vc_row][vc_row margin_top=&#8220;20&#8243; margin_bottom=&#8220;0&#8243; css=&#8220;.vc_custom_1499438901564{margin-bottom: 100px !important;}&#8220;][vc_column width=&#8220;1/2&#8243; css=&#8220;.vc_custom_1499437286890{margin-top: 0px !important;margin-bottom: 0px !important;}&#8220;][vc_gmaps link=&#8220;#E-8_JTNDaWZyYW1lJTIwc3JjJTNEJTIyaHR0cHMlM0ElMkYlMkZ3d3cuZ29vZ2xlLmNvbSUyRm1hcHMlMkZlbWJlZCUzRnBiJTNEJTIxMW0xOCUyMTFtMTIlMjExbTMlMjExZDI1MTYuNDUwMzMxODUwMDU3NCUyMTJkNy4wMzE3NjAzMTU4MTkwODglMjEzZDUwLjg5Njg4Mjk3OTUzOTU3JTIxMm0zJTIxMWYwJTIxMmYwJTIxM2YwJTIxM20yJTIxMWkxMDI0JTIxMmk3NjglMjE0ZjEzLjElMjEzbTMlMjExbTIlMjExczB4MCUyNTNBMHgwJTIxMnpOVERDc0RVekp6UTRMamdpVGlBM3dyQXdNaWN3TWk0eUlrVSUyMTVlMCUyMTNtMiUyMTFzZGUlMjEyc2RlJTIxNHYxNDk5MjgxNzA0MTYyJTIyJTIwd2lkdGglM0QlMjI2MDAlMjIlMjBoZWlnaHQlM0QlMjI0NTAlMjIlMjBmcmFtZWJvcmRlciUzRCUyMjAlMjIlMjBzdHlsZSUzRCUyMmJvcmRlciUzQTAlMjIlMjBhbGxvd2Z1bGxzY3JlZW4lM0UlM0MlMkZpZnJhbWUlM0U=&#8220; size=&#8220;250&#8243; css_animation=&#8220;bounceIn&#8220;][/vc_column][vc_column width=&#8220;1/2&#8243; css=&#8220;.vc_custom_1519152873594{margin-left: 30px !important;padding-right: 30px !important;}&#8220;][vc_column_text css_animation=&#8220;fadeInRight&#8220;] Unser Büro liegt zu Füßen der Kirche St. Laurentius in Köln-Ensen in einem freistehenden eingeschossigen Gebäude, in dem vor&hellip;</p>
